 factors of 74240322?
2, 3, 13, 113, 8423
List the prime factors of 6787109157.
3, 2262369719
List the prime factors of 567694201.
9857, 57593
List the prime factors of 913964719.
913964719
What are the prime factors of 4767688360?
2, 5, 119192209
List the prime factors of 203912275.
5, 7, 19, 8761
What are the prime factors of 4118240?
2, 5, 7, 3677
List the prime factors of 8501599475.
5, 340063979
List the prime factors of 379259423.
173, 2192251
What are the prime factors of 98754599?
29, 431, 7901
What are the prime factors of 120711297?
3, 7, 2029, 2833
What are the prime factors of 39754707?
3, 19, 41, 17011
List the prime factors of 354680751.
3, 601, 196717
List the prime factors of 289592414.
2, 19, 37, 59, 3491
List the prime factors of 792216639.
3, 29341357
What are the prime factors of 526855991?
13177, 39983
List the prime factors of 69585600.
2, 3, 5, 7, 19, 109
List the prime factors of 412608806.
2, 89, 173, 13399
What are the prime factors of 188147844?
2, 3, 563, 9283
What are the prime factors of 165842495?
5, 7, 13, 73, 4993
What are the prime factors of 3163686202?
2, 23, 68775787
What are the prime factors of 949856701?
949856701
What are the prime factors of 1681528784?
2, 13, 31, 71, 3673
List the prime factors of 2085006707.
7, 29, 10270969
What are the prime factors of 2122751520?
2, 3, 5, 173, 8521
List the prime factors of 756805959.
3, 7, 13, 347, 2663
List the prime factors of 5231238206.
2, 1723, 1518061
List the prime factors of 251659288.
2, 31457411
What are the prime factors of 59573832?
2, 3, 2482243
What are the prime factors of 1217065632?
2, 3, 17, 745751
List the prime factors of 1494874.
2, 37, 20201
List the prime factors of 55477554.
2, 3, 11, 71, 11839
What are the prime factors of 604730983?
2417, 250199
What are the prime factors of 75617535?
3, 5, 7, 102881
What are the prime factors of 174582907?
174582907
List the prime factors of 56560550.
2, 5, 953, 1187
What are the prime factors of 778118237?
13, 17, 3520897
List the prime factors of 23701263.
3, 7900421
List the prime factors of 26430328.
2, 523, 6317
What are the prime factors of 102712085?
5, 7, 83, 5051
What are the prime factors of 446442464?
2, 13, 751, 1429
List the prime factors of 456748479.
3, 11, 1163, 3967
List the prime factors of 41584673.
13, 19, 8861
List the prime factors of 2975426559.
3, 7, 643, 1499
What are the prime factors of 653905972?
2, 163476493
List the prime factors of 41091975.
3, 5, 17, 3581
What are the prime factors of 599994344?
2, 53, 1415081
List the prime factors of 5473823639.
19, 283, 1018007
What are the prime factors of 4640179238?
2, 2320089619
What are the prime factors of 949593376?
2, 29674793
List the prime factors of 138449830.
2, 5, 1901, 7283
List the prime factors of 209844310.
2, 5, 13, 1614187
What are the prime factors of 103990125?
3, 5, 43, 6449
What are the prime factors of 252796815?
3, 5, 1872569
List the prime factors of 5344728813.
3, 103, 1921873
What are the prime factors of 1766354373?
3, 7, 53, 529007
List the prime factors of 20997455.
5, 4199491
What are the prime factors of 164143621?
281, 584141
List the prime factors of 234665728.
2, 11, 167, 499
List the prime factors of 63245460.
2, 3, 5, 1054091
List the prime factors of 956246106.
2, 3, 159374351
What are the prime factors of 363351288?
2, 3, 19, 463, 1721
What are the prime factors of 842781947?
7, 103, 251, 4657
What are the prime factors of 458911745?
5, 1019, 90071
List the prime factors of 1572453667.
47, 33456461
What are the prime factors of 4816348320?
2, 3, 5, 7, 1433437
What are the prime factors of 122937396?
2, 3, 359, 28537
List the prime factors of 3112270491.
3, 11, 79, 577, 2069
What are the prime factors of 2587732922?
2, 21911, 59051
What are the prime factors of 2941683174?
2, 3, 163426843
List the prime factors of 725125039.
43, 149, 113177
What are the prime factors of 8629721?
41, 210481
What are the prime factors of 54703859?
7, 7814837
What are the prime factors of 2641561301?
659, 4008439
List the prime factors of 24248327.
193, 125639
List the prime factors of 258983322.
2, 3, 13, 3320299
What are the prime factors of 15091540?
2, 5, 754577
What are the prime factors of 39364394?
2, 19682197
List the prime factors of 1177190206.
2, 588595103
List the prime factors of 1361429380.
2, 5, 68071469
What are the prime factors of 4881170108?
2, 1220292527
What are the prime factors of 30985031?
7, 11, 402403
List the prime factors of 410672934.
2, 3, 7, 31, 47, 2237
List the prime factors of 682232096.
2, 7, 13, 33469
List the prime factors of 3066176174.
2, 1533088087
List the prime factors of 939783345.
3, 5, 41, 1528103
List the prime factors of 264051252.
2, 3, 89, 9157
What are the prime factors of 645752625?
3, 5, 7, 113, 311
List the prime factors of 83880616.
2, 43, 243839
What are the prime factors of 1012911429?
3, 47, 7183769
What are the prime factors of 66591938?
2, 7, 179, 26573
List the prime factors of 4574348378.
2, 101, 571, 39659
List the prime factors of 157725785.
5, 7, 4506451
List the prime factors of 3671864910.
2, 3, 5, 7, 53, 277, 397
What are the prime factors of 793704598?
2, 71, 83, 67343
What are the prime factors of 34225619?
433, 79043
List the prime factors of 526385201.
1319, 399079
What are the prime factors of 125322757?
7, 173, 239, 433
What are the prime factors of 76024555?
5, 31, 490481
List the prime factors of 4768492604.
2, 1192123151
What are the prime factors of 46803402?
2, 3, 59, 44071
What are the prime factors of 24269430?
2, 3, 5, 808981
List the prime factors of 124277954.
2, 59, 139, 7577
What are the prime factors of 56697881?
19, 83, 157, 229
List the prime factors of 22093877.
13, 239, 547
What are the prime factors of 135725917?
135725917
What are the prime factors of 192255401?
13, 14788877
List the prime factors of 1282368653.
19, 67493087
List the prime factors of 192495644.
2, 11, 47, 93083
What are the prime factors of 146428564?
2, 113, 323957
What are the prime factors of 87778487?
87778487
What are the prime factors of 1075218573?
3, 11, 13, 2506337
List the prime factors of 24221768.
2, 1201, 2521
List the prime factors of 6048423688.
2, 43, 17582627
What are the prime factors of 247933604?
2, 61983401
What are the prime factors of 477305785?
5, 11, 61, 113, 1259
What are the prime factors of 2429692?
2, 607423
What are the prime factors of 4780748074?
2, 7013, 340849
List the prime factors of 406496283.
3, 1667, 81283
List the prime factors of 38423079.
3, 474359
List the prime factors of 2815356265.
5, 83, 6783991
What are the prime factors of 447736692?
2, 3, 13, 2870107
List the prime factors of 76855357.
76855357
List the prime factors of 12437856.
2, 3, 19, 2273
List the prime factors of 11600757.
3, 7, 59, 3121
List the prime factors of 10371749.
257, 40357
What are the prime factors of 7232813988?
2, 3, 602734499
List the prime factors of 3185201658.
2, 3, 530866943
What are the prime factors of 2862304706?
2, 1431152353
What are the prime factors of 758693450?
2, 5, 15173869
What are the prime factors of 72075366?
2, 3, 11, 71, 1709
What are the prime factors of 3655151083?
5303, 689261
List the prime factors of 890820566.
2, 11549, 38567
List the prime factors of 249365667.
3, 101, 822989
List the prime factors of 1367689671.
3, 50655173
List the prime factors of 938847323.
19, 49413017
List the prime factors of 3657580314.
2, 3, 37, 359, 45893
List the prime factors of 16827283.
11, 23, 227, 293
What are the prime factors of 3405401243?
31, 109851653
What are the prime factors of 228203227?
7, 32600461
List the prime factors of 23340474.
2, 3, 19, 7583
What are the prime factors of 4437281501?
787, 5638223
What are the prime factors of 182024630?
2, 5, 18202463
What are the prime factors of 1563174189?
3, 1409, 123269
List the prime factors of 33023704.
2, 7, 47, 12547
List the prime factors of 2974135.
5, 594827
What are the prime factors of 377423176?
2, 13, 53, 68473
List the prime factors of 19577168.
2, 13, 94121
List the prime factors of 3395821290.
2, 3, 5, 317, 357079
List the prime factors of 3809292435.
3, 5, 13, 2170537
List the prime factors of 63290440.
2, 5, 811, 1951
List the prime factors of 122138829.
3